 - -14) + 1 + -1. Suppose -6 = c*m - 0, -2*p = m. Calculate n(p).
7
Suppose 5 = -33*i + 34*i. Let r(j) = 5 - 5 - i*j - 3 + 4*j. Give r(-5).
2
Suppose -3*m - 4*a - 4 = -7, -2*m = a + 3. Let f be (-6)/2 - m/(-2 - 1). Let s(l) be the first derivative of 2*l**2 + 3*l - 2. Give s(f).
-13
Let s(z) = 2*z**2 + 2*z - 1. Suppose -p + 0 - 4 = 0. Let d be 3 + p + -2 + 1. Give s(d).
3
Let r be ((-6)/(-15))/(2/(-40)). Let b = 1 + r. Let x(n) = -n**2 + 6*n + 11*n**2 - 17 - 2*n**2 + 12 + n**3. Calculate x(b).
2
Suppose -18 = d + 4*j - 11, -8 = 4*j. Let w(l) = -11*l**3 - l**2 + 1. Determine w(d).
-11
Let r(a) = 3*a + 7. Suppose m + 14 = 8. Give r(m).
-11
Let v be (-16)/(-9) + 2 + (-4)/(-18). Let l(z) = 2 - 1 - 5*z**2 - 3 + v + z**3 - z. What is l(5)?
-3
Let l(z) = z + 1. Let n(w) = -9*w - 4. Let b(j) = 5*l(j) + n(j). Let a = -656 - -659. What is b(a)?
-11
Let a(q) = 2*q**2 - 46*q + 221. Let s be a(17). Let j(b) = -b**2 + 19*b - 28. Give j(s).
6
Let n = 113 + -110. Let m(i) be the third derivative of 0*i + 0 + i**3 - 2*i**2 - 1/24*i**4. What is m(n)?
3
Let v(m) = 25*m + 1. Suppose 22*u = -31*u + 53. Give v(u).
26
Suppose 3*r = -3*d + 9, 9 = d + 4*r - 6. Let x(w) = 12*w**3 - w**2 - w - 1. Calculate x(d).
-13
Suppose -4*j = 4*s + 72, 7 = -5*j - 13. Let m = s + 19. Let l(u) = m - 2 - 2 + u - u**2. Determine l(3).
-5
Let t(k) = 9*k - 16. Let i(l) = -10*l + 21. Let c(y) = -3*i(y) - 4*t(y). Suppose -2*v + 27 = v. Let d be (-7)/v + (-2)/9. What is c(d)?
7
Let s be (-56)/(-26) + (-10)/65. Suppose -6*n + 2*n + s*b - 30 = 0, 2*b - 37 = 5*n. Let g(u) = -u**3 - 6*u**2 + 10*u + 5. Calculate g(n).
-16
Let u = 57 + -39. Let y(j) = 2*j + 5 + 4 - u. Give y(7).
5
Let l(h) = -h**2 - 4*h - 2. Let r(k) = 2*k**2 - 63*k + 170. Let q be r(3). Determine l(q).
1
Suppose -t - 7 + 12 = 4*h, -6*h = 2*t - 8. Let o(l) = -13*l. Determine o(h).
-13
Let z(g) = -g**2 + 3*g + 1. Let d(f) = 9*f - 6. Let w(i) = 4*i - 3. Let q(m) = -3*d(m) + 7*w(m). Let h be q(1). Let b be h/(-9) - 100/45. Calculate z(b).
-9
Let z(a) = -8551 - 6*a + 8551. Determine z(-1).
6
Let i(j) = 3*j + 7. Let l(a) = -3*a - 14. Let r be l(-6). Determine i(r).
19
Let q be 4/(-6) - 1/3. Let a be (-2)/(q + 3/1). Let k = -5 - a. Let f(h) = h**2 + 2*h + 1. Determine f(k).
9
Suppose 0 = -5*n + b - 0*b + 14, 0 = -2*n + 3*b + 16. Let c be (((-8)/7)/n)/(6/(-42)). Let p(a) = a**3 - 4*a**2 + 2*a - 1. Determine p(c).
7
Let y(i) = i + 3. Suppose 0 = 7*a + 26 + 2. Determine y(a).
-1
Let d(v) = v**2 - 7*v + 4. Let r(w) = -w**3 - 7*w**2 + 7*w + 83. Let m be r(-6). Calculate d(m).
-6
Let z(j) be the first derivative of -j**4/4 + 7*j**3/3 - 2*j**2 + 5*j + 69. Calculate z(6).
17
Let b(w) = -w**2 + w. Let k(g) = -g**2 - 25*g + 4. Let z be k(-25). Let d be z/(-12) + (-2)/3. Give b(d).
-2
Let c(l) be the third derivative of l**6/120 + 3*l**5/20 + l**4/3 - 2*l**3/3 + 3*l**2 - 12. Determine c(-8).
-4
Let l(s) be the first derivative of 12*s**3 - s**2/2 + s + 201. What is l(1)?
36
Let d(k) = -k**2 - 5*k - 2. Let o(b) = 3*b + 3. Let v(z) = 6*z + 5. Let j(r) = -7*o(r) + 4*v(r). Let u be -3 + (2 - -2) + -2. Let p be j(u). Give d(p).
2
Let t(f) = -2*f - 5. Let a be t(0). Let m(v) be the second derivative of v**5/20 + 5*v**4/12 + v**3/6 + 2*v**2 + 2*v - 35. Calculate m(a).
-1
Let g be (-3)/(-5) - 169/65. Let p(m) = 1. Let d(b) = b - 2. Let y(u) = g*d(u) - 5*p(u). Give y(-2).
3
Let i(j) = j**3 + 5*j**2 - 31*j - 145. Let r be i(-6). Let x(t) be the second derivative of t**4/12 - t**3/3 - 5*t**2/2 - 3*t. Calculate x(r).
10
Let k(x) = 3*x. Let r(q) = 7*q. Let p(t) = 5*k(t) - 2*r(t). Calculate p(-1).
-1
Let n(a) be the second derivative of a**3/6 + 11*a**2/2 - 485*a. Determine n(-11).
0
Let h(b) = b**2 - 6*b - 6. Let u(v) = -v**2 - 5*v + 14. Let j be u(-7). Suppose 5*m + 15 = j, 6*n - 33 = n + m. Determine h(n).
-6
Suppose -115 = -23*o + 33 + 13. Let z(s) = 3*s - 7 + 4*s - 6*s. Calculate z(o).
0
Let r be 0 + 0*2/(-4). Suppose 8*l - 7*l + 9 = r. Let d = -11 - l. Let p(z) = -3*z - 1. Give p(d).
5
Let q(u) = u + 51. Let b(r) = -r - 8. Let s(i) = -6*b(i) - q(i). What is s(3)?
12
Let i = -8 - 0. Let c = 11 + i. Suppose 1 + 5 = -c*q. Let b(n) = 3*n - 1. Determine b(q).
-7
Let m(c) = c**3 + c**2 - 18*c - 9. Let v(p) = 3*p**3 + 4*p**2 - 49*p - 26. Let z(i) = 8*m(i) - 3*v(i). What is z(-6)?
60
Suppose 0 = 5*f - 6 - 4. Suppose -22*t + 16 = -94. Suppose f*i - t*i = -6. Let v(k) = -k**3 + 2*k**2 + 2*k - 3. Determine v(i).
1
Let j(i) = -100*i**2 - i - 9 - 4 + 101*i**2 - 4. What is j(-4)?
3
Let q(d) = 0*d**2 - 3*d**3 + 111 - 125 - 4*d**2 + 4*d**3 - 3*d**2 + 10*d. Determine q(6).
10
Let m(h) = 2*h + 4. Let b be ((-50)/5)/(1 - -1). Let g be m(b). Let a(d) = d**3 + 5*d**2 - 7*d - 4. Determine a(g).
2
Let v(f) be the third derivative of 1/24*f**4 + 2/3*f**3 + 0*f + 1/120*f**5 - 1/360*f**6 + 0 - 12*f**2. Let c(o) be the first derivative of v(o). Give c(-2).
-5
Let t(z) be the third derivative of z**6/24 + z**5/60 + z**4/12 - z**2 - 259. Give t(-1).
-6
Let s be 7/(-7)*(0 + -1). Let a be (30/35*1)/(s/(-7)). Let l(i) be the second derivative of -i**5/20 - 7*i**4/12 - 7*i**3/6 - 4*i**2 + 5*i. Calculate l(a).
-2
Let l(o) = 3*o**2 + 2*o + 1. Let t be 304/(-24) - 2/(-3). Let h be -7 - t - (-18)/(-3). Give l(h).
2
Let n(o) = -o - 6. Let m be -12 + 17 - (1 + -5). Suppose p = i + 5, -4*i = -m*i + p - 25. Determine n(i).
-1
Let h(r) = r**2 + 16*r + 18. Let n(s) = s**3 - 5*s**2 + 4*s - 10. Let j be n(3). Calculate h(j).
18
Let o(a) = -a + 4. Let w(z) = z**2 - 8*z - 5. Let m(i) = -3*o(i) + w(i). Calculate m(7).
-3
Suppose 5 = -a + 2*a. Suppose 4*g - 9 = -d, -3*g + d + a = -7. Suppose 5*x + 5*j = -15, 3 = -g*x + j - 6*j. Let s(y) = y**3 + 5*y**2 - 6*y + 6. Give s(x).
6
Let x be (-37)/(-7) + (-6)/21. Suppose -9*s = -x*s - 16. Let z(r) = -r + 3*r**2 - s*r**2 - 6*r**2 + 4*r**2 + r**3. Give z(3).
-3
Let q(l) = 17*l - 2 + 31 - 25*l. Determine q(3).
5
Let r(o) = -o**2 - 18*o - 10. Let u(t) = -t**3 + 9*t**2 - 19*t - 11. Let k be u(6). Give r(k).
7
Suppose 0 = -3*b + 11 + 16. Suppose 0 = 4*l - b*l. Let m(x) be the third derivative of x**6/120 + x**5/60 + x**3 + x**2. Give m(l).
6
Let p = -652 + 655. Suppose -4*h - 2*n - 20 = 3*n, 0 = -h - n - 4. Let t(y) = -4 + 0*y + 3*y + h. What is t(p)?
5
Suppose 5*f - 1 = 3*k - 4, -4*k - 4*f - 28 = 0. Let o be (-87)/12 + k + 51/12. Let q(n) be the third derivative of n**4/24 + n**3/3 - 2*n**2. What is q(o)?
-5
Let y(v) = v**2 - 9*v - 1. Suppose -5*s - 2*t = -31, 4*s - 11 = -2*t + 13. Determine y(s).
-15
Let x(n) = n**3 + 7*n**2 + 6*n. Suppose -6*d + 7*d - 2 = 0. Suppose 5*z - d = 3*c + 31, 4*z - 24 = 2*c. Calculate x(c).
0
Let b be (17072/(-72))/(-22) + (-4)/(-18). Let u(v) = -v + 21. Give u(b).
10
Let d = -642 - -649. Let k(j) = j**3 - 7*j**2 + 3*j - 5. Give k(d).
16
Let x = 1 + -4. Let f(y) = -3 - 6643*y + y**2 + 6643*y. What is f(x)?
6
Let m(f) = -6*f - 36. Let n(r) = -3332*r + 3331*r - 3 - 4. Let w(q) = -2*m(q) + 11*n(q). What is w(0)?
-5
Let l(c) = -7*c + 52. Let j be l(8). Let t(u) = u**3 + 3 - 3. Let a(n) = -5*n**3 + 4*n**2 + 5*n. Let m(y) = j*t(y) - a(y). Determine m(5).
0
Let b(z) = -z**2 - 4*z + 9. Let m be b(-5). Suppose -17 = 2*l - 3*j, 6*l - m*l - 4*j = -18. Let v(x) = x**2 + 7*x - 6. What is v(l)?
-6
Suppose 0 = -3*m + 2*n + 13, 16 = 2*m - 3*n - 1. Let v(l) = -2 - m - 2*l + 7*l. Give v(4).
17
Suppose 5*b = 20, 14*b + 4 = -2*a + 13*b. Let n(c) = -2*c**2 - 9*c. Calculate n(a).
4
Let o(y) = -y + 5. Let q be o(5). Suppose 4*v - 4 = -q. Let d(u) = -4*u**2 + 7*u**2 + 0*u - 2*u + 6*u**2 + v. Calculate d(1).
8
Let b(s) = -170 - 10*s + 361 - 191. Calculate b(-2).
20
Let t be 5/(-2)*(-6)/(-5). Let a be (-2 + -4)/(t/2). Let y(g) = g - 3. Calculate y(a).
1
Let t(o) = o**2 - 11*o + 11. Let x = -756 + 766. Calculate t(x).
1
Let i(s) = -4*s**2 - s**2 + s**3 + 0 - 3 - 6*s - 3. Suppose -3 = 2*u - 7. Suppose -3*n + 30 = 3*h + u*h, h - n - 6 = 0. Determine i(h).
-6
Let b(m) = 4*m**2 - 11*m + 50. Let q(i) = 5*i**2 - 10*i + 67. Let k(j) = -4*b(j) + 3*q(j). What is k(15)?
-14
Let u(j) be the third derivative of -j**4/24 + 2*j**3/3 + j**2. Suppose 5*v - 5*g - 70 = 0, 2*v - 2*g = 3*v + 13. Calculate u(v).
-1
Let r(w) = 6*w**2 + 9*w - 23. Let p(a) = 7*a**2 + 10*a - 22. Let z(b) = 5*p(b) - 6*r(b). Let f(u) be the first derivative of z(u). Determine f(3).
-10
Let s(c) = -c 